4*i(h). What is the units digit of d(-1)?
4
What is the hundreds digit of (27/(-15) + -3)/(150/(-199000))?
3
Let p = 84 - -150. What is the tens digit of p?
3
Let t be (-35)/11 + 6/33. Let y(m) = -3*m**3 - 3*m**2 - 3*m - 4. Let u be y(t). Suppose r - 4*a + a - u = 0, -3*a + 223 = 5*r. What is the tens digit of r?
4
Suppose 4*s + 106 = -114. Let h = s - -60. What is the units digit of h?
5
Let a(v) = 4*v + 35. Let p be a(-14). What is the hundreds digit of (p/14)/((-2)/188)?
1
Let a be 0/(4 - 2/(-4)*-10). Let q(o) = -o**3 + 6*o**2 - 3*o + 4. Let m be q(6). Let c = a - m. What is the tens digit of c?
1
Let w be -1*1*(5 - 12). Suppose -2*i + 27 - w = 0. What is the tens digit of i?
1
Let h be 8/(-6)*(-3)/2. Let r(y) = -y**3 - 7*y**2 - 17*y - 35. Let p be r(-5). Suppose h*a = -p*a + 58. What is the units digit of a?
9
Let h(p) = -2 + 5*p + 23 - 4*p + 3*p. What is the units digit of h(6)?
5
Let n(c) = -9*c**3 - c**2 + 2*c - 2. Let w be n(1). Let t(f) = -7*f + 21. What is the tens digit of t(w)?
9
Let y be 0 + 0 - (-8)/(-12)*-3. Suppose y*k + 337 = b + 2*b, k = -3*b + 331. What is the hundreds digit of b?
1
Let w(g) be the first derivative of -g**6/360 + g**5/10 - 11*g**4/24 - 5*g**3/3 + 4. Let r(f) be the third derivative of w(f). What is the units digit of r(8)?
1
What is the hundreds digit of (-2 + -357)/(4 - (-35)/(-7))?
3
Let n(b) = 4*b**2 + 85*b + 23. Let s be n(-21). Suppose -5*t = 5*z - 21 - 4, 0 = 5*z - 4*t + 20. Suppose p + p - s = z. What is the units digit of p?
1
What is the hundreds digit of ((-4)/3)/(7 - 12165/1737)?
3
Let f(r) = 239*r - 14. What is the tens digit of f(10)?
7
Let z be (-7)/(-49) - (-3)/(-21)*-111. Suppose -5*q = -4*q - z. What is the units digit of q?
6
Let h(x) = x**2 - 15*x - 12. What is the tens digit of h(38)?
6
What is the hundreds digit of (-1024)/20*(-7 - 63/6)?
8
Suppose 0 = 4*z + 4*t - 156, 203 = 5*z - 4*t + 5*t. What is the units digit of z?
1
Suppose 0 = i - 3, j + 2*i - 131 + 30 = 0. What is the units digit of j?
5
What is the tens digit of (2610/(-21))/((-5)/35)?
7
Let z(q) = 5*q**2 - 43*q - 153. What is the units digit of z(-22)?
3
Suppose -2*l + 43 = -57. Let a = l + 21. What is the units digit of a?
1
Suppose 6*j - 27302 = -6236. What is the units digit of j?
1
Suppose 0 = -0*v + 10*v - 1340. What is the tens digit of v?
3
Let n = 96 + -727. Let w = -368 - n. What is the hundreds digit of w?
2
Let l(b) = 2*b - 3*b + 13 - 13. Let k be l(-8). What is the units digit of 42/k - 1/4?
5
Let u(z) = z**3 + 6*z**2 - 9*z - 4. Let y be (-1)/(3 - 6) - (-44)/(-6). What is the units digit of u(y)?
0
Let d = -21 - 16. Let m = -35 - d. What is the units digit of m?
2
Suppose 8*n = i + 6*n + 6, 4*n - 32 = -3*i. Suppose i*y - 20 = -5*g + 60, -y = -5*g + 55. What is the units digit of g?
2
What is the hundreds digit of 774 - (-8 - 1) - -6?
7
Suppose 0 = -6*o + 19 + 53. Suppose d - 2*d = -o. What is the units digit of d?
2
Let r(b) = 18*b**2 + 2*b + 13. Let a be r(7). Suppose -2*j = -5*w - 5*j + a, -3*j = -5*w + 891. What is the hundreds digit of w?
1
Suppose 0 = -3*m - 66 - 57. Let z = 112 + m. What is the units digit of z?
1
Let j be (-12)/(-42) - (3 + (-6534)/14). Suppose -2*y - 48 + j = 0. What is the hundreds digit of y?
2
Suppose 0 = 5*n + 4*h - 3100, 1243 = 2*n - 0*h + h. What is the hundreds digit of n?
6
Let b(c) = 76*c**3 - 4*c**2 - 3*c + 2. What is the hundreds digit of b(2)?
5
What is the hundreds digit of ((-21)/((-63)/(-230)))/((-2)/21)?
8
Let b(h) = -h. Let z be ((-8)/10)/(4/(-10)). Suppose 10 + 4 = -z*y. What is the units digit of b(y)?
7
Suppose -4*v + 406 = -2*y, 194 = 2*v - 0*v - 4*y. Let k = v + -71. Let r = -18 + k. What is the units digit of r?
4
Suppose 15165 = 83*q - 38*q. What is the tens digit of q?
3
Let k(u) = 6 - 2*u - 2*u**3 + 12*u**2 + 8*u**2 - 16*u**2 + 3*u**3. Let d be k(-5). Let m(b) = b**3 + 9*b**2 - 4*b + 10. What is the tens digit of m(d)?
4
Let c(z) = -392*z - 18. What is the hundreds digit of c(-2)?
7
Let u = -18 - -22. Suppose -u*s - 53 = -189. What is the tens digit of s?
3
Suppose -4*t = 5*w - 21, 0 = -2*w - 2*t + 2 + 6. Let i = 17 + w. What is the tens digit of i?
2
Suppose 0 = 41*c - 33*c - 12032. What is the tens digit of c?
0
Let q = 262 + 587. What is the hundreds digit of q?
8
Let x be (0 - (-18)/4)*(-58)/(-87). Suppose x*p = 11*p - 272. What is the tens digit of p?
3
Let r(k) = 6*k + 16. Let c be r(-3). Let t = c - -42. What is the tens digit of t?
4
Let p be 5/((-20)/(-8)) - 14. Let m = p + 10. What is the units digit of m/(8/7)*-12?
1
Suppose 3*f = 5*t - 6981, -27*t + 22*t + 6979 = -2*f. What is the thousands digit of t?
1
Let y = 16 + -12. Suppose y*z - 3 = 3*z. What is the units digit of (-1)/z - (-14)/6?
2
Suppose 2*s - 4 = 0, -3*x + 3345 = -2*s + 148. What is the tens digit of x?
6
Suppose 0 = -4*l + 15 - 35. Suppose c - 5*c + 132 = 0. Let b = c + l. What is the tens digit of b?
2
Let s = 1944 - 969. What is the units digit of s?
5
Let f(g) = g**3 + 3*g**2 - 4*g. Let y be f(-4). Suppose y = -3*u - 2*u - 5*z + 340, -5*u - z + 320 = 0. What is the tens digit of u?
6
Let i be (1 + -2)/((-3)/1809). Let p = i + -405. What is the units digit of p?
8
Let c be ((-6)/3 + 1)*-12. Suppose 4*i + d + c + 27 = 0, 3*i = -5*d - 42. Let g = i + 12. What is the units digit of g?
3
Let o be -2 + (-76)/8*-2. What is the units digit of o/2 - 4/(-8)?
9
Let j(x) = x**3 - 3*x**2 - 2*x - 5. Let z be j(5). Let d = 302 + z. What is the units digit of d?
7
Let f(p) = -8*p. Let z be f(-1). Suppose 14 = k - z. Suppose 3*a - 17 = k. What is the tens digit of a?
1
Suppose 21 = 5*h - 9. Suppose -2*q = -h*q + 12. Suppose -36 = -s - q*p - 2*p, -2*p = -2. What is the tens digit of s?
3
Suppose 50*x = 51*x - 4. What is the units digit of -1 - ((-208)/x + 1)?
0
Let l(o) = o**2 - o - 3. Let p be l(3). Suppose -7*f + 5 = -16. What is the tens digit of ((-58)/f)/((-1)/p)?
5
Let o = -22 + 24. Suppose 108 = o*v - 44. What is the tens digit of v?
7
Let n = -1 - -1. Let h(d) = 2*d**2 + 2*d + 97. What is the tens digit of h(n)?
9
Let b be (84/(-8))/(3/4). Let i = -8 - b. Let m = 21 - i. What is the tens digit of m?
1
Let u(c) = -8*c - 30. Let t be u(-4). What is the units digit of t/(-6) + (0 - 42/(-18))?
2
Let o = 1665 + -131. What is the tens digit of o?
3
Let u be 235/45 + 4/(-18). Suppose u*v - 52 = 8. What is the units digit of v?
2
Let c be ((-4)/(-6))/(8/156). Let r(a) = -7*a**2 + 22*a - 22. Let y(k) = -6*k**2 + 21*k - 21. Let q(d) = -5*r(d) + 6*y(d). What is the units digit of q(c)?
3
Suppose -s + 3*f - 4 = -0, -2*s + 2*f = -8. Let i be (37/2)/(s/16). What is the units digit of -6 + 4 + i + 3?
8
Suppose -121*r = -128*r + 18039. What is the thousands digit of r?
2
Let c be -1*1*(-4)/(-1). Let b be (-40)/c + 2 + 0. What is the units digit of 4*15*8/b?
0
Let k = 27 + -47. Let w = 24 + k. What is the units digit of ((-30)/5)/(w/(-6))?
9
Let d(j) be the first derivative of 11*j + 1 + 7/2*j**2 + 1/3*j**3. What is the units digit of d(-11)?
5
Let b = -89 - -41. Let z = -17 + -12. Let f = z - b. What is the tens digit of f?
1
Let y(k) = -3*k**3 - k - 1. Let n be y(-2). Suppose 0 = 2*r - n - 57. What is the units digit of r?
1
Let w(o) = -o**3 + 7*o**2 + 4*o - 3. Let k be w(6). Suppose -2*g = 5*c + 2*g - 16, 3*c + 5*g - 20 = 0. Suppose c = -3*h + 108 + k. What is the units digit of h?
5
Suppose 259 = 8*t - t. What is the units digit of t?
7
Suppose -5 = -5*b + 5. Suppose 0 = -b*k + 5*p - 10, 4*p + 0 = 3*k + 1. What is the units digit of k?
5
Suppose 71*d - 4 = 70*d. What is the hundreds digit of (d/(-6))/((-10)/1830)?
1
Let p(h) = h**3 - 3*h + 2. Let n = 40 - 32. Let c = -4 + n. What is the units digit of p(c)?
4
Let f(u) be the third derivative of u**6/120 + u**5/60 - u**4/4 - 2*u**3/3 - 12*u**2. What is the tens digit of f(5)?
1
Let i(t) = 14*t**2 - 8*t + 56. Let w(r) = -5*r**2 + 3*r - 19. Suppose 5*o - 16 = o. Let p(u) = o*i(u) + 11*w(u). What is the units digit of p(-7)?
7
Let o be (-64)/(-10) + (-4)/10. Suppose -o*c + c = -3*w + 217, 272 = 4*w + 2*c. What is the units digit of w?
9
Let l be 34/(-8)*(-2 + -2). Suppose 4*c + 3*y - 18 = 0, -4*c - y - y + 20 = 0. Let n = c + l. What is the tens digit of n?
2
Let i be (-6)/(-8)*(-24)/(-9). Suppose 8 = 3*n - 2*j - i*j, -2*j - 4 = 0. Suppose n*m = -3*m + 39. Wh